ctors of 466799830.
2, 5, 7, 43, 155083
What are the prime factors of 592865002?
2, 41, 7230061
List the prime factors of 432801746.
2, 13, 563, 29567
List the prime factors of 80466337.
7, 11495191
What are the prime factors of 51429654?
2, 3, 167, 1901
List the prime factors of 21785214.
2, 3, 11, 71, 4649
List the prime factors of 11415995.
5, 29, 131, 601
What are the prime factors of 4284480214?
2, 7, 2503, 122267
List the prime factors of 90600741.
3, 7, 11, 43579
What are the prime factors of 260685648?
2, 3, 491, 1229
What are the prime factors of 1435222410?
2, 3, 5, 67, 293, 2437
List the prime factors of 234503894.
2, 811, 144577
List the prime factors of 205175720.
2, 5, 17, 53, 5693
List the prime factors of 619169553.
3, 5987, 11491
List the prime factors of 3602777475.
3, 5, 11, 59, 74017
List the prime factors of 297645561.
3, 71, 465799
List the prime factors of 245792679.
3, 11, 73, 102031
What are the prime factors of 1609167523?
8563, 187921
List the prime factors of 133867853.
7, 2731997
What are the prime factors of 49287698?
2, 941, 26189
What are the prime factors of 136237045?
5, 7, 1103, 3529
What are the prime factors of 124294102?
2, 1087, 57173
List the prime factors of 445734036.
2, 3, 11, 457, 821
What are the prime factors of 58362683?
17, 201947
List the prime factors of 87170784.
2, 3, 19, 47791
List the prime factors of 412801540.
2, 5, 463, 44579
List the prime factors of 674087220.
2, 3, 5, 23, 162823
List the prime factors of 8304951.
3, 2768317
What are the prime factors of 1673925265?
5, 334785053
What are the prime factors of 660922191?
3, 3821, 19219
What are the prime factors of 150058599?
3, 19, 619, 4253
What are the prime factors of 70003986?
2, 3, 13, 137, 6551
List the prime factors of 1108403134.
2, 5011, 110597
What are the prime factors of 48900656?
2, 7, 73, 5981
What are the prime factors of 1177204488?
2, 3, 47, 271, 3851
What are the prime factors of 200288562?
2, 3, 33381427
What are the prime factors of 1158556248?
2, 3, 16091059
What are the prime factors of 103522508?
2, 173, 211, 709
List the prime factors of 49905426.
2, 3, 8317571
List the prime factors of 821841283.
313, 2625691
List the prime factors of 6251531.
11, 13, 43717
What are the prime factors of 140142016?
2, 7, 17, 18401
List the prime factors of 1649086820.
2, 5, 82454341
List the prime factors of 203517768.
2, 3, 41, 206827
List the prime factors of 35067755.
5, 23, 304937
What are the prime factors of 7833324?
2, 3, 79, 8263
What are the prime factors of 307797219?
3, 47, 242551
List the prime factors of 98366626.
2, 41, 1199593
List the prime factors of 89568160.
2, 5, 11, 50891
List the prime factors of 145815740.
2, 5, 7, 991, 1051
What are the prime factors of 789329686?
2, 17, 23, 1009373
What are the prime factors of 294560857?
19, 313, 49531
List the prime factors of 897119286.
2, 3, 7, 21359983
List the prime factors of 74349773.
74349773
What are the prime factors of 22539571?
337, 66883
List the prime factors of 149648656.
2, 31, 301711
List the prime factors of 176701476.
2, 3, 7, 2103589
List the prime factors of 311978971.
311978971
What are the prime factors of 2147749844?
2, 23, 631, 36997
What are the prime factors of 1059939205?
5, 13, 17, 503, 1907
List the prime factors of 534781878.
2, 3, 23, 157, 24683
What are the prime factors of 123146185?
5, 89, 127, 2179
List the prime factors of 4828483.
11, 438953
List the prime factors of 361805931.
3, 53, 758503
What are the prime factors of 107893406?
2, 37, 1458019
List the prime factors of 2564785911.
3, 47, 53, 457, 751
List the prime factors of 138145218.
2, 3, 23024203
List the prime factors of 613316636.
2, 53, 2893003
What are the prime factors of 55696627?
7, 7956661
List the prime factors of 368599538.
2, 184299769
List the prime factors of 1477248301.
23, 31, 241, 8597
What are the prime factors of 175148377?
175148377
List the prime factors of 29468211.
3, 9822737
List the prime factors of 1123232364.
2, 3, 17, 677, 2711
What are the prime factors of 734436060?
2, 3, 5, 12240601
List the prime factors of 261227013.
3, 3331, 26141
What are the prime factors of 581485576?
2, 7, 19, 546509
List the prime factors of 830018377.
830018377
What are the prime factors of 352464773?
4447, 79259
List the prime factors of 160547297.
2731, 58787
What are the prime factors of 57373078?
2, 7, 29, 251, 563
What are the prime factors of 1893071442?
2, 3, 23, 13717909
List the prime factors of 2102632562.
2, 307, 599, 5717
What are the prime factors of 93010622?
2, 46505311
List the prime factors of 949872571.
199, 4773229
What are the prime factors of 218085979?
17, 12828587
List the prime factors of 102756532.
2, 1429, 17977
What are the prime factors of 331828712?
2, 17, 31, 78707
List the prime factors of 611670072.
2, 3, 13, 1960481
List the prime factors of 188237183.
188237183
List the prime factors of 63015882.
2, 3, 10502647
What are the prime factors of 45754403?
45754403
What are the prime factors of 7817936075?
5, 113, 2767411
List the prime factors of 775400125.
5, 47, 59, 2237
List the prime factors of 70654401.
3, 7850489
List the prime factors of 1645581772.
2, 181, 2272903
List the prime factors of 3086990910.
2, 3, 5, 1097, 31267
List the prime factors of 227335361.
11, 19, 1087729
List the prime factors of 23858428.
2, 11, 542237
What are the prime factors of 11656696?
2, 17, 85711
List the prime factors of 529840321.
529840321
List the prime factors of 9225775.
5, 13, 28387
List the prime factors of 1009791226.
2, 504895613
List the prime factors of 469197030.
2, 3, 5, 41, 381461
What are the prime factors of 69287681?
863, 80287
List the prime factors of 1345536774.
2, 3, 17, 47, 93557
What are the prime factors of 16857211?
7, 31, 131, 593
What are the prime factors of 656429082?
2, 3, 109404847
List the prime factors of 440891831.
440891831
What are the prime factors of 1718792?
2, 214849
What are the prime factors of 5643323468?
2, 17, 1181, 70271
List the prime factors of 267753759.
3, 7, 13, 137, 7159
What are the prime factors of 524114024?
2, 7, 31, 9739
What are the prime factors of 689330936?
2, 7, 43, 83, 3449
List the prime factors of 179904020.
2, 5, 1117, 8053
What are the prime factors of 2526870778?
2, 103, 12266363
What are the prime factors of 96370995?
3, 5, 7, 18731
What are the prime factors of 269639277?
3, 383, 234673
List the prime factors of 107250590.
2, 5, 10725059
What are the prime factors of 256993527?
3, 7, 37, 113, 2927
List the prime factors of 48080331.
3, 13, 41, 257
What are the prime factors of 1892302?
2, 23, 31, 1327
What are the prime factors of 34464738?
2, 3, 7, 11, 10657
List the prime factors of 283986655.
5, 37, 457, 3359
What are the prime factors of 82680248?
2, 7, 17, 19, 653
What are the prime factors of 39662201?
39662201
What are the prime factors of 1315374690?
2, 3, 5, 7, 6263689
List the prime factors of 30719547.
3, 241, 4721
What are the prime factors of 3212884176?
2, 3, 59, 73, 15541
What are the prime factors of 2552246387?
2552246387
What are the prime factors of 26502161?
7, 151, 25073
List the prime factors of 4782964742.
2, 457, 5233003
What are the prime factors of 4276045692?
2, 3, 118779047
What are the prime factors of 83260500?
2, 3, 5, 47, 1181
What are the prime factors of 28655464?
2, 37, 131, 739
List the prime factors of 1001533050.
2, 3, 5, 7, 53, 857
List the prime factors of 2426626204.
2, 37, 16396123
What are the prime factors of 22553653?
22553653
List the prime factors of 277335913.
19, 14596627
List the prime factors of 34392336.
2, 3, 11, 53, 1229
What are the prime factors of 1430184694?
2, 1637, 436831
What are the prime factors of 2550875305?
5, 11, 19, 2441029
What are the prime factors of 87332362?
2, 13, 3358937
What are the prime factors of 46789975?
5, 127, 14737
What are the prime factors of 215542979?
193, 443, 2521
What are the prime factors of 41186212?
2, 823, 12511
What are the prime factors of 2220858421?
191, 197, 59023
What are the prime factors of 21192089?
269, 78781
List the prime factors of 3095919178.
2, 11, 140723599
List the prime factors of 1265877904.
2, 409, 193441
List the prime factors of 23795156.
2, 7, 11, 23, 3359
What are 